s 31884799 a composite number?
False
Is 23617147 prime?
False
Is 188479901 composite?
True
Is 10147195 a prime number?
False
Is 20178401 a composite number?
True
Is 37340354 composite?
True
Is 4476097 a composite number?
True
Is 3422131 prime?
True
Is 7557205 composite?
True
Is 157558917 composite?
True
Is 291269947 prime?
True
Is 69352483 a prime number?
True
Is 26827007 prime?
False
Is 52274359 a composite number?
False
Is 7574569 a prime number?
True
Is 6344083 a composite number?
True
Is 79016253 composite?
True
Is 99494419 a composite number?
False
Is 517031 a composite number?
True
Is 2018879 prime?
False
Is 14202451 composite?
False
Is 28591055 a composite number?
True
Is 3794002 prime?
False
Is 92359149 prime?
False
Is 48728419 a composite number?
False
Is 1232599 composite?
True
Is 15809051 composite?
False
Is 111070747 a composite number?
True
Is 238749161 a composite number?
True
Is 4966267 composite?
False
Is 27204593 a prime number?
False
Is 3237709 a prime number?
True
Is 396114439 a prime number?
False
Is 18882866 a prime number?
False
Is 1900813 prime?
True
Is 144023 prime?
False
Is 20579189 a composite number?
True
Is 705317 a prime number?
True
Is 10067189 composite?
True
Is 9159847 a composite number?
False
Is 4752247 a prime number?
True
Is 71033881 composite?
False
Is 291632119 a prime number?
True
Is 762704317 a composite number?
False
Is 42891815 prime?
False
Is 1121900977 a prime number?
True
Is 342102263 a prime number?
True
Is 46844069 composite?
True
Is 11303371 a prime number?
True
Is 31248769 composite?
False
Is 9178229 prime?
True
Is 4784467 a composite number?
False
Is 249997793 composite?
False
Is 20444569 a prime number?
True
Is 64154759 prime?
False
Is 2329 a composite number?
True
Is 638402 composite?
True
Is 133690985 composite?
True
Is 214722941 prime?
True
Is 3214271 a prime number?
True
Is 520237 a prime number?
False
Is 63143851 composite?
True
Is 6007 composite?
False
Is 8559791 prime?
False
Is 2904911 composite?
True
Is 12428891 composite?
False
Is 2694106 a prime number?
False
Is 8604863 composite?
False
Is 92288018 composite?
True
Is 11650963 prime?
True
Is 18100429 a prime number?
True
Is 61718827 composite?
True
Is 11144929 composite?
False
Is 10433579 a prime number?
False
Is 1671821 a composite number?
True
Is 223373411 a composite number?
True
Is 56849711 a composite number?
False
Is 200558821 a prime number?
False
Is 79139279 a composite number?
True
Is 415934537 composite?
True
Is 41887 a composite number?
False
Is 116592661 composite?
True
Is 523937 prime?
True
Is 3439369 a composite number?
True
Is 6946597 prime?
False
Is 54726629 composite?
True
Is 1182634 a prime number?
False
Is 137766763 prime?
False
Is 4349087 a composite number?
True
Is 992689 composite?
False
Is 56145497 a prime number?
False
Is 1832927 prime?
True
Is 17249317 a prime number?
True
Is 17205491 composite?
False
Is 606491 prime?
False
Is 82280143 prime?
False
Is 9807731 a composite number?
False
Is 42406879 composite?
True
Is 15216869 a composite number?
True
Is 309547387 prime?
False
Is 51363633 composite?
True
Is 996461 a composite number?
False
Is 14026363 a composite number?
True
Is 149027878 prime?
False
Is 37432013 prime?
True
Is 1233737 composite?
True
Is 47898223 composite?
False
Is 682547 a prime number?
True
Is 209843 prime?
False
Is 5961919 a composite number?
False
Is 15440941 a prime number?
True
Is 36699163 composite?
False
Is 1223143 composite?
True
Is 854849 composite?
False
Is 21942989 composite?
True
Is 26409839 prime?
False
Is 39771373 a prime number?
True
Is 819899 a prime number?
True
Is 193174181 a prime number?
True
Is 2963698 a prime number?
False
Is 142798649 a composite number?
True
Is 33549961 a composite number?
False
Is 1072219 a composite number?
False
Is 15797461 composite?
True
Is 46459319 a prime number?
True
Is 66345418 a prime number?
False
Is 136985 composite?
True
Is 9988747 composite?
False
Is 601592179 a composite number?
False
Is 111463463 composite?
False
Is 81847981 prime?
True
Is 842711 prime?
False
Is 25967427 a prime number?
False
Is 10884839 a prime number?
False
Is 2536331 a prime number?
False
Is 145093457 a composite number?
False
Is 4405979 a composite number?
False
Is 299869373 composite?
True
Is 146022242 composite?
True
Is 47396609 a composite number?
True
Is 757201 a prime number?
True
Is 39129899 prime?
False
Is 37801807 composite?
True
Is 2051459 prime?
True
Is 3529729 prime?
False
Is 4863773 a composite number?
True
Is 102819 a composite number?
True
Is 89252897 a prime number?
False
Is 2971673 a prime number?
False
Is 151054181 composite?
True
Is 86677447 a prime number?
False
Is 5028157 composite?
True
Is 15499739 a composite number?
False
Is 11232787 a prime number?
False
Is 1775629 a prime number?
True
Is 1566946 a composite number?
True
Is 8730773 prime?
False
Is 145361 prime?
True
Is 413186 a prime number?
False
Is 11719889 prime?
True
Is 4489535 a prime number?
False
Is 35729 a composite number?
False
Is 1852553 prime?
False
Is 4875359 a prime number?
True
Is 15972361 prime?
True
Is 204081061 prime?
True
Is 1421963 composite?
False
Is 28864331 composite?
True
Is 71857699 a composite number?
True
Is 6360121 a composite number?
True
Is 2167367 a composite number?
False
Is 25495033 composite?
False
Is 48652799 a composite number?
True
Is 2315589 a prime number?
False
Is 21434473 a composite number?
True
Is 362317 composite?
True
Is 211548355 a prime number?
False
Is 81360889 a prime number?
True
Is 55239527 a prime number?
False
Is 2717321 composite?
False
Is 6735991 prime?
False
Is 41460163 a composite number?
True
Is 2718733 composite?
True
Is 7597393 prime?
True
Is 152994949 a composite number?
True
Is 4591051 a prime number?
True
Is 38237951 a composite number?
False
Is 3462377 a composite number?
False
Is 11916479 a composite number?
True
Is 2252611 composite?
False
Is 45858797 composite?
False
Is 25439107 prime?
False
Is 26525077 composite?
False
Is 38111531 a prime number?
True
Is 67889 prime?
False
Is 30671 a composite number?
False
Is 498616787 composite?
False
Is 3861413 a composite number?
False
Is 76036069 composite?
True
Is 2679667 composite?
False
Is 857622587 a prime number?
True
Is 114862893 prime?
False
Is 185713543 a composite number?
True
Is 119953843 composite?
False
Is 110568827 a composite number?
True
Is 1145593 composite?
False
Is 322781353 composite?
False
Is 33336951 prime?
False
Is 73533667 prime?
False
Is 1373443 a prime number?
False
Is 74863378 composite?
True
Is 365347 composite?
True
Is 6157271 a composite number?
False
Is 113105207 a composite number?
False
Is 10115579 composite?
True
Is 132703127 a prime number?
False
Is 23453917 prime?
False
Is 47762999 a prime number?
True
Is 243063097 prime?
False
Is 34430237 composite?
False
Is 52053809 prime?
True
Is 914269 a prime number?
True
Is 6708587 a composite number?
False
Is 56226239 composite?
False
Is 1060519 composite?
False
Is 5475937 a prime number?
True
Is 1162157 a composite number?
True
Is 16242437 composite?
True
Is 11373667 a prime number?
True
Is 488159 a prime number?
False
Is 4937719 prime?
True
Is 37800101 a prime number?
False
Is 680917 composite?
False
Is 188495774 a prime number?
False
Is 11626393 prime?
False
Is 719437 a composite number?
True
Is 424457491 a prime number?
False
Is 137970659 a composite number?
False
Is 408409 a prime number?
False
Is 485123231 a prime number?
True
Is 313571831 prime?
False
Is 25776809 prime?
False
Is 300999 a prime number?
False
Is 99003209 a composite number?
False
Is 69915551 a prime number?
True
Is 4253699 a prime number?
True
Is 27622997 a prime number?
True
Is 2113109 composite?
False
Is 43279877 a composite number?
True
Is 11655403 composite?
True
Is 3747715 a prime number?
False
Is 116891 prime?
False
Is 140803 a prime number?
False
Is 3873877 prime?
False
Is 20147479 prime?
False
Is 5756221 prime?
False
Is 13168153 composite?
True
Is 476132681 prime?
True
Is 145861 a composite number?
False
Is 7872121 composite?
True
Is 5815247 a composite number?
True
Is 11466811 composite?
True
Is 4897439 a composite number?
False
Is 231128907 prime?
False
Is 92247179 prime?
False
Is 2969755 a prime number?
False
Is 2527661 composi